 m.
2, 23
Let u(c) = 28*c**2. Let z be u(1). Suppose -3*j + 0*t - 3*t - 9 = 0, 5*t = -15. Suppose 4*f = -j*f + z. What are the prime factors of f?
7
List the prime factors of 12 - (-4 + 1 + 1).
2, 7
Let q be -11 - -2 - (4 + -5). Let u = q - -17. What are the prime factors of u?
3
Suppose -45 = -2*w + p - 0*p, 3*w = 3*p + 66. What are the prime factors of w?
23
What are the prime factors of -16*(-1 + (-19)/4)?
2, 23
Let u be -6 - (-2)/(4 - 3). Let f be u/6*21/14. What are the prime factors of 2/(f + 7/6)?
2, 3
Suppose -3*p = 6 - 15. Suppose v = p*v + 2. List the prime factors of (1 - v)/((-8)/(-20)).
5
Suppose -5*a + 120 = -30. List the prime factors of a.
2, 3, 5
Let o = 53 + -32. What are the prime factors of o?
3, 7
Suppose -2*u - 5 = 3*u. Let z be (0 + 2 + u)/1. What are the prime factors of (z + 15)*(-15)/(-20)?
2, 3
Suppose p - 6*p - 4*a + 307 = 0, 2*p = -2*a + 122. What are the prime factors of p?
3, 7
Let q = 1 - -3. Suppose -c + 15 = -5*w, q*c = -w + 52 + 29. What are the prime factors of c?
2, 5
Suppose 2*a = -0*a + 5*z + 17, a - 2*z - 8 = 0. What are the prime factors of a?
2, 3
Let q(b) = 12*b**2. What are the prime factors of q(1)?
2, 3
Let b(k) = k**3 - 4*k**2 + 2*k - 1. Let r be b(2). Let z(p) = p + 8. Let q be z(r). Suppose c + 6 = q*c. What are the prime factors of c?
3
Suppose 2*y + 12 = 4*y. Suppose -2*g + 20 - y = 0. List the prime factors of g.
7
Suppose 3*h - 17 = -2*a, 0 = 3*a - 5*a - 4*h + 22. What are the prime factors of -14*(1/(-2))/a?
7
Suppose 0 = -6*c + c + 25. Let i = c - -21. List the prime factors of i.
2, 13
Suppose 7*u + 50 = 2*u. Let p(z) = z**2 + 7*z - 2. Let t be p(-7). Let g = t - u. List the prime factors of g.
2
Let p = -166 + 430. List the prime factors of p.
2, 3, 11
Let x(o) = 18*o - 1. Let t be x(3). Suppose 3*n + 3*j - 57 + 24 = 0, j - t = -4*n. List the prime factors of n.
2, 7
Let f = -5 + 14. Suppose 2*z = -z + f. Suppose 0 = 2*t - 0*i + i - 14, -t + 14 = -z*i. What are the prime factors of t?
2
Let p(f) = -f**3 - 6*f**2 - f - 4. Let m be p(-6). Suppose -7*o + m*o - 2*y = -44, 5*o + y - 42 = 0. What are the prime factors of o?
2
Suppose -2*v - 70 = -3*c - 7*v, 4*v - 20 = 0. What are the prime factors of c?
3, 5
Let d = -143 - -261. List the prime factors of d.
2, 59
Let a = -17 + 21. List the prime factors of a.
2
Suppose 4*i = -3*t + 501, -4*t + 6*t + 5*i = 334. What are the prime factors of t?
167
Let x(g) = -g**3 - 5*g**2 + 5*g + 7. Let w be x(-6). Let h = w - 4. What are the prime factors of h?
3
Suppose -y = 2*b - 1, b - 1 = -5*y + 13. Let p(m) = m + 0*m + 4*m + 2. What are the prime factors of p(y)?
17
Suppose -4*c + 204 - 32 = 0. List the prime factors of c.
43
Let c(h) be the second derivative of h**4/12 - h. What are the prime factors of c(-2)?
2
Suppose 5*g - g - 24 = 0. Let v(b) be the third derivative of -b**6/120 + 7*b**5/60 - b**4/4 + b**3 + 6*b**2. List the prime factors of v(g).
2, 3
Suppose 4*n - 5*i = -i + 32, -4*i - 14 = -2*n. Let r(l) = -l - 3. Let k(y) = -2*y - 7. Let g(h) = n*r(h) - 4*k(h). List the prime factors of g(-3).
2
Let i(s) = -15*s - 2. Let l be i(-2). Let w = l - 13. List the prime factors of w.
3, 5
Let x(v) be the third derivative of v**4/24 - 4*v**3/3 - 2*v**2. Let q be x(7). Let y = q - -10. What are the prime factors of y?
3
Let f = 13 - 8. Suppose -3*t + 33 = -f*l + 100, 4*t = 4*l - 60. List the prime factors of l.
11
Let b(s) = -s + 5. Let y be b(6). Let q be (-2 - -13)/((-1)/(-3)). List the prime factors of q/(2 - y) + -2.
3
Let c(f) = f**3 - 8*f**2 + 2*f - 6. Let s = 4 + -1. Suppose 11 = s*z - 13. List the prime factors of c(z).
2, 5
Let m = -6 - -15. Suppose 5*n + m = 29. Suppose n*h - 22 = -2*c, 12 = 5*c - 4*h - 29. What are the prime factors of c?
3
Suppose 5*b = -5*w + 5, 4*w + 11 = 2*b - 15. What are the prime factors of b?
5
Suppose 25 + 3 = 3*y + 5*g, 4*y + 2*g = 14. Let r be (-2 + 18)*y/2. Suppose 0 = -5*n - r + 83. What are the prime factors of n?
3, 5
Suppose 22 = 5*b - 4*k, -2*k - 2 = b - 2*b. List the prime factors of (-3)/(10/b - 2).
3
Let p(d) = d**2 - 13 + 2*d - d + 7*d. Let l = -29 + 19. List the prime factors of p(l).
7
Suppose 4*c + 42 = -5*a + 301, 2*c + 3*a - 129 = 0. List the prime factors of c.
2, 3, 11
Let u = 146 + -50. List the prime factors of u.
2, 3
Let r(z) be the second derivative of -z**4/12 + z**3/6 + 11*z**2/2 + z. List the prime factors of r(0).
11
Let u = 88 + -59. Let q = u + -16. List the prime factors of q.
13
Let j be ((-3)/2)/(12/(-16)). Suppose 2*l - 32 = -4*n, 4*n + l - 34 = -j*l. What are the prime factors of n?
7
Suppose -4*w + 4*l + 1 = -w, -2*w - 4*l + 14 = 0. Suppose 0 = 6*k - w*k - 21. What are the prime factors of k?
7
Let s(l) = 5*l**2 + 3*l - 4. Let d be s(4). Let n be d/10 - 4/(-20). Let h = -3 + n. What are the prime factors of h?
2, 3
Let m(z) = -5*z - 2. Let t be m(-3). Let k be 0/2*-1*1. Suppose s = k, -s = 4*b - t - 3. List the prime factors of b.
2
Suppose 4*i = -3*q + 1221, q + 2 = -q. List the prime factors of i.
2, 3, 17
Suppose -d = 2*d - 108. List the prime factors of d.
2, 3
Let c = -13 + 17. List the prime factors of c.
2
Let m(c) = 2*c - 8. Let w(i) = 1. Let z(k) = -m(k) - 4*w(k). Let y be 2/7 + (20/28 - 5). What are the prime factors of z(y)?
2, 3
Suppose 3*x = 2*a + 946, 0*x - 5*a = 4*x - 1246. What are the prime factors of x?
2, 157
Suppose 938 = 4*r - u, -1177 = -5*r - 0*r - u. What are the prime factors of r?
5, 47
Suppose 50 = 4*w - a - a, -3*w = 3*a - 33. Let y = -18 + w. List the prime factors of 1/y - (-196)/24.
2
Let c = 30 + -7. Let b = -21 + 30. Let m = c - b. What are the prime factors of m?
2, 7
Let m(w) = w**2 - 4*w + 3. List the prime factors of m(4).
3
Let t(f) = -3*f - 5. Let z be t(-8). Let d = 17 + z. List the prime factors of d.
2, 3
Let j(g) = g**2 + 5*g - 10. Let o be j(-7). Let n = 6 - o. Suppose -n*t + 15 = 7. What are the prime factors of t?
2
Suppose 2*w - 15 = -3*a, 5*a - 2*w = -11 + 36. Suppose -30 = -a*l - 0*l. What are the prime factors of l?
2, 3
Suppose 3*p - 2 - 10 = 0. Suppose -c - p*c + 175 = 0. What are the prime factors of c?
5, 7
Suppose 0 = -7*z + z + 486. List the prime factors of z.
3
Suppose -5 - 7 = -3*p. Suppose 0 = p*x + 2*b + b - 13, -b = -x + 12. List the prime factors of x.
7
Let i(a) = a**3 + 6*a**2 + 2*a - 1. What are the prime factors of i(-5)?
2, 7
Suppose -90 = 4*x + 5*h - 10, -2*x - 4*h = 40. Let b = -11 - x. List the prime factors of b.
3
Let i(x) = x**3 + 10*x**2 - 17*x - 7. List the prime factors of i(-11).
59
Suppose 2*b - 157 = 3*d, -b + 0*b - 4*d = -62. Let j = b + -41. List the prime factors of j.
3, 11
Let x(k) = -k**2 - 6*k - 1. Let p be x(-6). Let g be p/(-2) - (-3)/2. Suppose -7 + 19 = g*u. List the prime factors of u.
2, 3
What are the prime factors of (-3613)/(-15) + 6/45?
241
Suppose 16 = 3*n + 1. Suppose -12 = -n*m - 3*z, 3*z = -3*m + 7 + 5. Suppose -3*k + m*k + 42 = 0. What are the prime factors of k?
2, 7
Suppose 2*g - 65 = 15. What are the prime factors of g?
2, 5
Suppose -5*z - 5 = -0*z. Let m be (1 - z - 3) + 9. Suppose -4*n + 2*n + m = 0. List the prime factors of n.
2
Let m be 0 + -3 - 33/(-1). Let p = 46 - m. List the prime factors of p.
2
Let h = 28 + -50. Let s = -31 - h. Let p(g) = g + 12. List the prime factors of p(s).
3
Let q be (-2)/(0 - 1/6). Suppose 3*n = -q, y - 5*n - 18 = 2*y. List the prime factors of 54/8 - y/(-8).
7
Suppose 2*m - 98 + 0 = 0. List the prime factors of 1141/m - 4/14.
23
Suppose 2*j + 5*d + 2 = 0, -4*d - 14 = -3*j + 6. Suppose j*q - 4 = -4*m + 12, -5*q = -m + 28. List the prime factors of m.
2
Let h = -12 - 5. Let y = h + 58. List the prime factors of y.
41
Let f(b) = -b**3 - 11*b**2 - 10*b - 15. List the prime factors of f(-11).
5, 19
Let v = -154 - -425. What are the prime factors of v?
271
Suppose 4*v = -8 - 8. Let o(l) = -l**3 - 3*l**2 + 4*l + 2. Let q be o(v). What are the prime factors of (-21)/(-2) - q/4?
2, 5
Suppose -2*i + 3*y - 24 + 6 = 0, 0 = 3*i - 3*y + 30. Let t be 3/((-45)/i - 3). Suppose -12 = -t*d + 36. What are the prime factors of d?
2, 3
Let u(b) = -5*b - 3*b**2 + 4 + b**2 + b + 5*b**2. What are the prime factors of u(3)?
19
Suppose -2*f = -6*f. Suppose f = -6*w - 2*w + 184. What are the prime factors of w?
23
Let f be (-30)/(-75)*(-54 + -1). Let r = f + 55. List